 and l?
7
Suppose -s - 21 = -182. Calculate the greatest common factor of 23 and s.
23
Let o(v) be the second derivative of 5*v**3/2 + 3*v**2/2 - v. Let m be o(3). Calculate the highest common factor of 12 and m.
12
Let x(b) = -b**2 + 10*b + 8. Let d be x(10). Let l(g) = 4*g + 7*g - g - 10 - g**2. Let j be l(d). Calculate the greatest common factor of 12 and j.
6
Suppose 6 = p - 0. Let s(y) = y**3 + 3*y**2 + 2*y + 3. Let r be s(-2). Suppose 2*l = r + 9. What is the greatest common factor of l and p?
6
Let n(d) = -d**3 + 7*d**2 - 7*d + 5. Let m be n(5). Suppose 4*s - 6*s + m = 0. Calculate the highest common divisor of s and 10.
10
Let u be (-312)/9*18/(-12). What is the highest common factor of 26 and u?
26
Let j be ((-2)/4)/(3/(-120)). Let k be 298/5 - (-8)/j. What is the greatest common divisor of k and 12?
12
Let y = 100 + -90. Let p be 2 - (-2 + -78 + 2). Calculate the greatest common divisor of y and p.
10
Let m be (-5 + 0)*(-17 + 0). Suppose -8*o = -3*o - 85. Calculate the highest common factor of m and o.
17
Let d(v) = -v**2 - 27*v - 81. Let i be d(-9). What is the greatest common factor of 18 and i?
9
Let t(y) = -y**2 - 10*y - 7. Let w be t(-9). Suppose -216 = w*m - 4*m. Calculate the greatest common factor of 12 and m.
12
Suppose 0 = 3*c - 8*c. Suppose -6*u + 2*u + 128 = c. What is the greatest common divisor of u and 4?
4
Let l(j) = 6*j + 14. Let k be l(5). Calculate the greatest common divisor of 11 and k.
11
Let g = -57 - -14. Let b = g + 71. What is the highest common factor of b and 4?
4
Let g(z) = -19*z - 1. Let k be g(-3). Suppose -4*b + 100 = 32. Let s = b + -9. What is the greatest common divisor of s and k?
8
Let w be (-10)/(-6)*(-6)/(-2). Suppose 3*a - 3 = 0, 2*a - 107 = -6*d + 3*d. Calculate the highest common divisor of d and w.
5
Let l = -8 + 14. Suppose u = -5*n + 211, u - l*u + 173 = 4*n. Calculate the highest common divisor of n and 6.
6
Suppose -16*r = -4*r - 288. Calculate the greatest common divisor of r and 84.
12
Let n(p) = -p**2 - 14*p - 36. Let w be n(-8). What is the highest common divisor of w and 192?
12
Let i be ((-680)/12)/((-2)/6). Suppose 2*j + 60 = i. Calculate the highest common factor of j and 22.
11
Let s(z) = z**2 - 5*z - 1. Let a(j) = j**3 - 8*j**2 + 7*j + 6. Let n be a(7). Let y = n + 0. Let u be s(y). What is the greatest common divisor of 50 and u?
5
Suppose 10*w - 100 = 5*w. Let i(s) = s**2 + 9*s - 5. Let m be i(-10). Let y = 9 - m. What is the highest common factor of w and y?
4
Suppose -2*a = -0*a + 2*t + 4, 4*t = -12. Let n be -7 + -1 - (-5 + 1). Let z be (n + 3)*(1 + -2). What is the highest common factor of z and a?
1
Suppose -13*s = -14*s + k + 34, 2*s + 2*k = 76. Calculate the highest common divisor of 90 and s.
18
Let u be (-4)/5*(-20)/8. Suppose -3*i + 2*p - 212 = -8*i, u*p = 2. What is the greatest common factor of 105 and i?
21
Let v = 754 + -238. Let d be 1/(-2) + v/8. Calculate the greatest common divisor of 8 and d.
8
Let m(v) = 7*v**2 - 2*v. Let n be m(-4). Calculate the highest common divisor of n and 24.
24
Let o = 4 + 117. Calculate the greatest common divisor of o and 11.
11
Suppose 0 = -2*p + p + 13. What is the greatest common divisor of 104 and p?
13
Let h = -10 + 10. Let v = h + 8. Calculate the highest common factor of v and 20.
4
Suppose -54 = -2*c - 34. Calculate the highest common divisor of 5 and c.
5
Suppose -4*t + b + 1 = 8, 5*b = -5*t + 10. Let g be -2 + t + (-1 - -104). Calculate the greatest common divisor of 20 and g.
20
Suppose 14 + 0 = x. Suppose 2*z = -0*f - f + 8, 0 = 2*z + 6. Calculate the highest common factor of x and f.
14
Let j(u) = -u**3 + 10*u**2 + 3*u + 6. Let i be j(10). What is the greatest common factor of 90 and i?
18
Let s(o) = 10*o**3 - o**2 - 3*o - 2. Let v be s(3). Calculate the highest common factor of 100 and v.
50
Let w = 76 + -178. Let a = 6 - w. What is the highest common divisor of a and 12?
12
Let p = 10 - 7. Suppose 500 = 4*w + 4*j, -j = p*w - 0*j - 381. What is the greatest common factor of w and 16?
16
Suppose 3*q - 42 = -0*q. Suppose -t + 243 + 49 = 0. Suppose z = 5*y + 88, 3*z - t = 4*y - 3*y. Calculate the greatest common factor of z and q.
14
Suppose -2*q + 102 = -258. What is the highest common divisor of 20 and q?
20
Suppose 2*m + 2*c - 98 = 0, 110 = m + m + 5*c. Suppose 10 = 3*a + 1. Suppose -45 = a*z - 8*z. What is the highest common divisor of z and m?
9
Suppose 0 = 7*d - 8 - 55. Calculate the greatest common divisor of 6 and d.
3
Let q be (1/2)/((-4)/(-320)). Suppose 0 = g - 2 - 3. What is the highest common divisor of g and q?
5
Let s(p) = -p**2 + 22*p - 19. Let x be s(18). Calculate the highest common divisor of 53 and x.
53
Let y be 2/9*1 + 264/27. Calculate the greatest common factor of 40 and y.
10
Suppose 4 = -4*l, -5*n = 5*l - 34 - 71. Suppose 3*y + y + 12 = 0. Let s be n/10 - y/(-15). Calculate the highest common factor of 2 and s.
2
Suppose -5*r + 5 = 0, w + 5*r - 5 - 12 = 0. Suppose m - 3*m = -6. Let k be 56/3 - 2/m. What is the greatest common divisor of k and w?
6
Suppose -3*y - 2*i + 35 = 0, 2*y = -3*y - 5*i + 60. Calculate the highest common factor of y and 44.
11
Let t be 62/4 - 6/12. Suppose 34 = 3*f + 4. What is the highest common divisor of t and f?
5
Suppose 13 - 3 = f. Let q(d) = -d**3 + 3*d**2 - d - 3. Let t be q(3). Let o be (-4)/t - 56/(-6). Calculate the greatest common divisor of o and f.
10
Suppose -50 - 4 = -2*r. What is the greatest common divisor of 3 and r?
3
Let p(v) = -v**3 + 9*v**2 + v - 7. Let a be p(9). Let k be -9*(0 + -3 + a). What is the highest common factor of 63 and k?
9
Let g be 2/(-1)*-1 + 12. What is the greatest common factor of g and 2?
2
Suppose -8 = 3*s + s. Let f be s + -66*(-3 + 2). What is the highest common divisor of 8 and f?
8
Suppose -3*g + 1613 = p, -3*p + 482 = -2*g + 1572. Calculate the highest common divisor of g and 49.
49
Suppose 0 = -13*d + 22*d - 162. Calculate the highest common factor of d and 6.
6
Let o be -66*((-4)/4)/2. Calculate the greatest common divisor of 33 and o.
33
Suppose 156 = 4*o - g - 3*g, 5*g = -3*o + 93. What is the highest common factor of o and 90?
18
Suppose -4*t + 2*t = -68. Let f(g) = g**3 + 5*g + 1. Let b be f(4). Calculate the greatest common factor of t and b.
17
Suppose -2*i - 16 = 2*i. Let p = 9 + i. Calculate the highest common factor of p and 45.
5
Let t be (-196)/6*(0 - 3). Let l(m) = 12*m + 1. Let u be l(4). Suppose c - 4*p = 2*c - u, 0 = 2*c - 4*p - t. What is the greatest common divisor of c and 7?
7
Let v = 6 - 5. Let f(d) = 0 + 3 + 3*d + v. Let x be f(4). Calculate the highest common divisor of 40 and x.
8
Let c(a) = a + 16. Let f(u) = -3*u - 31. Let w(q) = 5*c(q) + 2*f(q). Let r be w(0). Let h be 931/63 - (-4)/r. What is the greatest common factor of 15 and h?
15
Let c(z) = z**2 - z + 1. Let w be c(3). Suppose 0*u = -2*n + 5*u + 12, 5*u = -10. What is the highest common divisor of w and n?
1
Let i = 79 + 11. What is the greatest common factor of 18 and i?
18
Suppose -3*g = -g. Suppose 4*s - 30 = -s - 5*o, -5*o = -5*s - 10. Suppose -s*w + 2 = -g. Calculate the greatest common divisor of 9 and w.
1
Let u be (-41)/(1/(-3) + 0). Let n = u + -88. What is the highest common factor of n and 7?
7
Suppose 5*n + 11 - 61 = 0. Suppose 0 = 4*l - 0*l - 40. Suppose 2*u - l = 10. What is the greatest common divisor of u and n?
10
Suppose 3*z + 8 = 5*r + 85, -z + 5*r + 29 = 0. Calculate the greatest common divisor of z and 12.
12
Let l = -5 - -3. Let a be (2/(-3))/(l/9). Suppose -3*q + a*j = q - 15, 0 = -5*q + 5*j + 15. What is the greatest common divisor of q and 9?
3
Suppose 2*m = 7*m - 65. Suppose -2*y = -2, -4*l + 2*y = -l - m. What is the greatest common divisor of l and 10?
5
Let z(u) = 5 - u**3 - 1 + 8*u**2 - 2*u**2 - 3*u. Suppose -5*x + 14 + 1 = 0. Let f be z(x). What is the highest common factor of 66 and f?
22
Let u be 4/(-14) + 176/28. Calculate the highest common divisor of u and 42.
6
Suppose 58 = 3*c - 266. Calculate the highest common divisor of 270 and c.
54
Let k(v) = v**3 + 5*v**2 - 2*v - 2. Let i be k(-5). Let h = i + -4. Calculate the highest common factor of 32 and h.
4
Let p be (-40)/10 - 24/(-1). Calculate the greatest common factor of 160 and p.
20
Let m = -96 + 97. Calculate the highest common divisor of m and